site number?
True
Suppose -f - 4*p + 18591 = 2*f, 3*p = 0. Is f composite?
False
Let l(g) = -5*g - 23. Is l(-9) prime?
False
Let d(u) = -u**3 - 5*u**2 + 7*u - 2. Is d(-8) composite?
True
Let a be (-10)/(-2)*(-6)/(-3). Suppose -151 + a = -3*f. Is f composite?
False
Suppose -5*j + 10 = -4*x - x, -2*x - 3*j + 16 = 0. Let s be 96/(-5) - 3/(-15). Is (2 + -1 - x)*s a composite number?
False
Let i(w) = 7*w**2 - 3*w - 2. Let g be i(4). Suppose -g = -5*v + 3*v. Is v composite?
True
Is 1/(448/(-1380) - 2/(-6)) prime?
False
Let t(z) = 3*z - 1. Let y be t(3). Suppose -y*m + 3*m + 1295 = 0. Is m a composite number?
True
Let m be -4 + (2 - 1) - -245. Let a = m + -64. Is a prime?
False
Let k(t) = 7 - 4 - t + 5. Let v be k(6). Suppose -3*y + m = -120, -2*y + 83 - v = -m. Is y composite?
True
Suppose -3*u + 11484 = -3*i - 0*i, -3*i + 19148 = 5*u. Is u a prime number?
False
Suppose -573 = -3*m - 0. Is m a prime number?
True
Suppose 2*f = 3*m + 52, 4*m - 27 + 94 = 5*f. Let t = m + 12. Let g(i) = -i**3 - 4*i**2 + 9*i + 4. Is g(t) a composite number?
True
Let d = -55 - -7. Let r = d + 467. Is r a prime number?
True
Suppose 2*b - 1618 = 1464. Is b a prime number?
False
Let j(g) = 158*g + 20. Is j(7) a composite number?
True
Let n = 3 - 0. Suppose 4*z + n*l = 2342, 3*z + 0*l = -3*l + 1755. Is z composite?
False
Let p(a) = a - 10. Let y be p(8). Let h = 16 + y. Is h prime?
False
Suppose -888 = -4*q - 2*t, -2*q + 3*t + 452 = -0*t. Is q prime?
True
Let m = 1040 - 511. Let r = -264 + m. Is r prime?
False
Suppose -3*o + 1182 = -1575. Is o prime?
True
Let m be ((-14)/(-4))/(1/2). Let t be (4/m)/(2/7). Suppose t*l = 3*f + 169, 0*f + 67 = l + 2*f. Is l prime?
False
Suppose -5*a - q + 140 = -42, -2*q = 6. Is a a composite number?
False
Is 3041 - -5 - (-4 - (1 - 2)) a prime number?
True
Suppose c - 218 = 4*g + 267, 3*g = 4*c - 1953. Suppose q + 2*q = c. Is q a prime number?
True
Suppose 108 = 9*u - 7*u. Let o = -23 + u. Is o composite?
False
Let a = 736 + -99. Suppose 2*k = 2051 - a. Is k a prime number?
False
Let d(t) = -t - 3. Let y be d(3). Let r = -7 + -5. Is (-2)/y - 464/r a prime number?
False
Let s(q) = q**3 - 3*q + 1. Let r be s(2). Suppose -r*d - d = 2*c - 582, -4*c = -2*d - 1204. Is c composite?
True
Is (11/4)/((-8)/(-544)) composite?
True
Let i(x) = -3*x**3 + x**2 + 5*x - 6. Let t be i(-5). Suppose f + 4*s = -202, 2*f + 2 = 3*s - t. Let k = f + 335. Is k a prime number?
False
Let z(k) = -6*k - 1. Let x be z(-5). Let n = -10 + x. Is n composite?
False
Suppose -7*s + 9*s = 1678. Is s a composite number?
False
Let o = -156 - -267. Let m = -64 + o. Is m prime?
True
Let d be 10/(-25) - 27/(-5). Suppose -22 = -4*c - q, c - 5*q + d = 21. Is 21/(-2)*(-20)/c a prime number?
False
Let b be 32/18 - (-6)/27. Let c be -2*1 + b + 2. Suppose -c*j + 0*z + z = -42, 0 = -z. Is j a composite number?
True
Is 12/20 - (-1888)/20 composite?
True
Let t(h) = 444*h**2 + h. Is t(-1) a composite number?
False
Let o(m) = -m - 31. Let c(b) = -b - 21. Let l(s) = -8*c(s) + 5*o(s). Is l(14) prime?
False
Suppose 4*z - 1207 - 589 = -3*a, a = 0. Is z composite?
False
Suppose 0 = 9*r - 2*r - 1771. Is r a composite number?
True
Let p = 6 + -3. Is (-65)/(-2*p/6) a prime number?
False
Let h(j) = -55*j**3 + 13*j**2 + 9*j - 2. Let t(w) = 28*w**3 - 6*w**2 - 4*w + 1. Let d(u) = -2*h(u) - 5*t(u). Is d(-2) a prime number?
True
Suppose 1001 = 3*f - 2*k, 0 = 3*f - 5*f + k + 666. Is f composite?
False
Suppose -l = l - 3302. Is l prime?
False
Suppose -11 = 5*n + 14. Let u(d) = -d**2 - 7*d + 3. Is u(n) a composite number?
False
Let y be (2/(-4))/(7/14). Is 0 - (y - -2)*-31 composite?
False
Suppose -4*m + 5*m - 103 = 0. Suppose m = o + 4*i, -o + 5*o + 2*i = 342. Is o prime?
True
Let u(d) = 6*d - 12. Let o(h) = 5*h - 12. Let l(g) = -5*o(g) + 4*u(g). Is l(10) composite?
False
Suppose -4*z - 3*t - 428 = -2*t, 0 = -z - 2*t - 107. Let i(k) = k**3 - 7*k**2 - 9*k + 5. Let d be i(7). Let g = d - z. Is g a prime number?
False
Let k be (3/6)/((-1)/(-8)). Is ((-20)/k)/((-1)/3) prime?
False
Let v(q) = q**2 + 7*q + 10. Let a be v(-4). Is 3231/18 + 3/a prime?
False
Is (-3 - -1 - -209) + 4 a composite number?
False
Is -9 - -12 - (-1 + -49) prime?
True
Let g(p) = 2*p**3 - 10*p**2 - 23*p + 15. Is g(10) a composite number?
True
Let v(i) = 2*i**2 + 6*i + 7. Let t be v(9). Let a = 480 - t. Is a a composite number?
False
Let f(x) = 29*x**2 + 3*x - 3. Is f(2) prime?
False
Let j(b) = -2*b - 1. Let d be j(4). Let p be -11 - d - (-6 + 1). Suppose -p*n = 2*n - 1115. Is n prime?
True
Let r = -7 - -8. Is r + (73 - (2 - 5)) a prime number?
False
Let h be ((-25)/10)/(2/(-4)). Suppose 2*f + j = 81, 93 = -2*f + 4*f + h*j. Is f a prime number?
False
Is (-18)/27 + 694/6 a composite number?
True
Suppose 4*q - 3 = 3*w, -2*w = -2*q + q + 2. Is (-1 - w) + (36 - 1) composite?
True
Let v(a) = 2939*a**2 - 2*a - 2. Is v(-1) a prime number?
True
Suppose -d - 1359 = -4*n, 3*n + n - 1349 = 3*d. Suppose 0 = -c - c + 10. Suppose 4*u = c*t + n, -2*u - 4*t - t + 133 = 0. Is u a prime number?
True
Suppose -2*u + 3*u - 4393 = 0. Is u a prime number?
False
Is (-801)/(-3) + (-20)/5 a composite number?
False
Let f = 309 + -178. Is f a composite number?
False
Let o = 2776 + -1659. Suppose o + 105 = 2*n. Suppose 5*k + 3*h = n + 114, -2*h = 0. Is k prime?
False
Suppose -w = -3*w - 4, y + 3*w = 461. Is y a composite number?
False
Suppose -d - 2463 = -4*d. Is d a prime number?
True
Let q be 14*(-3 - 7/(-2)). Suppose -12 = 3*i - q*i. Is -3*142/(-3) - i a composite number?
False
Let y be -2 - -4*(-6)/4. Let c = y - -21. Is c composite?
False
Suppose -11 = -2*j - 3*y + 32, -5*j - 2*y + 124 = 0. Is j composite?
True
Let t = 6 + -4. Suppose 6 = t*w - 230. Is w composite?
True
Suppose 76 = 2*c + 3*g + g, g = 5*c - 234. Is c prime?
False
Let n be 1*5*9/15. Suppose -114 = n*l - 351. Is l a prime number?
True
Is (-10)/(-25) - 1846/(-10) composite?
True
Let i be 1306/14 + (-4)/14. Suppose -5*m = -8*k + 4*k - 16, -3*m + 7 = -5*k. Suppose 0 = b - m*b + i. Is b a composite number?
False
Let d(v) = -v**3 - 10*v**2 - 7*v + 2. Let b be d(-7). Let i be 4/6 - b/(-9). Let o = i - -23. Is o a prime number?
True
Let a(i) = -8*i**3 + 2*i**2 - 2*i. Let g be a(2). Let o = 149 + g. Is o prime?
True
Let c be -4 + 2/1 + -1. Let n be c + 5 - (-272)/(-2). Let z = n + 189. Is z prime?
False
Let x(a) = a**2 + a - 1. Is x(4) a composite number?
False
Let x(y) be the first derivative of -y**4/4 - y**3/3 - y**2/2 + 31*y + 4. Is x(0) a prime number?
True
Let w = 64 - 23. Suppose -4*q - 27 = -5*b, b + w = -4*q - q. Let f = q + 22. Is f composite?
True
Let d = 16 + 98. Let t = 52 + d. Is t a composite number?
True
Suppose -3*p - p = -764. Is p prime?
True
Let b = 18 - 16. Suppose b*r - 20 = -0*r. Is r a composite number?
True
Is -3 - (3/(-3) - 1537) a prime number?
False
Let b(a) = -6*a. Suppose -3*p - 1 = -4*q, -q = 3*q - 4*p. Let r be b(q). Let t(f) = 2*f**2 + 7*f + 3. Is t(r) a composite number?
True
Suppose 4*b = 110 + 38. Is b prime?
True
Is (8 + -6)*(-2)/(-8)*78 composite?
True
Is 140/10 + 1/(-1) prime?
True
Let c be 0/7 + 1*3. Suppose 894 = c*o + 3*o. Is o a composite number?
False
Let z be 20/(-2)*8/20. Is 3*-7*z/6 composite?
True
Let n = -1154 - -1776. Is n composite?
True
Let g(p) = 30*p**3 - 3*p**2 + 10*p - 5. Is g(4) a composite number?
False
Let g be (3 + 387/(-6))*-2. Suppose -b - 26 + g = 0. Is b composite?
False
Let p(k) = -k**2 + 6*k - 3. Let v be p(5). Suppose i = v*i - 53. Is i a prime number?
True
Let m(k) be the third derivative of k**6/120 - 7*k**5/60 - k**4/3 + k**3/6 + 5*k**2. Suppose 0 = 5*r + 15, 5*i - 3*r = -6*r + 36. Is m(i) prime?
False
Let b = 3507 + -242. Is b a composite number?
True
Is (-3 + 229)/(1 - -1) composite?
False
Let o(k) be the first derivative of k**5/15 - 5*k**4/24 + 2*k**3/3 - k**2 - 1. Let v(i) be the second derivative of o(i). Is v(3) prime?
False
Let p = -2 - -4. Suppose 749 = p*y + 139. Is y prime?
False
Suppose 0 = -g - 3*m + 5*m + 4, g = 4*m + 4. Let w be 18/g*124/6. Suppose -2*i + w = i. Is i a composite number?
False
Suppose -5*r = -693 - 127. Suppose 4*w + y + r = 863, 2*y - 6 = 0. Let v = w + -53. Is v a prime number?
False
Let m = 6 - 2. Suppose 2*f - 4 = m. Suppose 0 = -4*k - f*p + 884, 0 = -3*k + 6*p - p + 631. Is k a composite number?
True
Suppos